-8) is divided by (z/9)/(3/(-9)).
4
Let n = -550 - -943. Calculate the remainder when n is divided by 22.
19
Let f = 2304 - 2258. What is the remainder when 1748 is divided by f?
0
Suppose -1411 = -48*a + 6941. Calculate the remainder when a is divided by 14.
6
Suppose -5*l + 42 = 3*h, -679*h = -3*l - 683*h + 23. What is the remainder when 1590 is divided by l?
6
What is the remainder when (683/4)/(27/108) is divided by 38?
37
Let h(m) = 5*m**3 + 9 - 4*m**2 - 14*m - 4*m**3 + 2*m**2 + 8*m. Let k = -39 + 58. Calculate the remainder when h(5) is divided by k.
16
Let c = 141 - 78. Let l be (-8)/(-14) - (-27)/c. Calculate the remainder when 67 is divided by (-126)/(3 + -10) - (l - 1).
13
Let y = 470 + -116. Suppose 46*d - 1522 - 182 - 1608 = 0. Calculate the remainder when y is divided by d.
66
Let c = 11323 - 11267. What is the remainder when 19207 is divided by c?
55
Suppose -6*h + 2*h + 505 = 3*f, -2 = h. Calculate the remainder when f is divided by 6165/105 - 450/630.
55
Let b = -371 + 375. Suppose -4*k - 8053 = -5*d - 5*k, b*k = 4*d - 6452. Calculate the remainder when d is divided by 52.
51
Suppose u - 74 + 72 = 0. Suppose 9 = u*c + 5*a, -26*c + 29*c + a - 20 = 0. Calculate the remainder when 53 is divided by c.
4
Suppose -116*c + 1228 = 300. Calculate the remainder when 30903 is divided by c.
7
Let j(z) = 6*z**2 - 6*z - 68. Let x be j(7). Let w = 208 - x. Let f = 7 + 88. What is the remainder when f is divided by w?
23
Suppose 187 = j - 2*u, 0 = -5*j + 2*u + 309 + 626. Let d = j + -162. Calculate the remainder when 67 is divided by d.
17
Let w = 43218 - 29819. What is the remainder when w is divided by 50?
49
Suppose -a + 15 = 5. Let c = -1344 + 1357. What is the remainder when c is divided by a?
3
What is the remainder when (-5 + -865)*((-72)/30 - 0) is divided by 694?
6
Let v(w) = w**2 - 3*w + 2. Let q be v(4). Let k = 6 + q. Let c(o) = -o**3 + 12*o**2 + 49*o - 17. What is the remainder when c(15) is divided by k?
7
Suppose -50*f + 59*f = 315. Calculate the remainder when 492 is divided by ((-25)/(-15))/(f/546).
24
Let n(g) = 2*g + 6. Let d be n(-1). Suppose d*f - 52 = -4. What is the remainder when 273 is divided by f?
9
Let i(n) = -84*n**2 - 1346*n + 19. Suppose -4*f + 26 = -46. Calculate the remainder when i(-16) is divided by f.
15
Let i = 3400 + -1828. Suppose -267 = 15*n - i. What is the remainder when n is divided by 23?
18
Suppose 2*g = -2*g + 4*d + 60, d = -5*g + 93. Suppose -14*l + 13*l = -g. What is the remainder when (-1)/(-2) + (-707)/(-14) is divided by l?
15
Let w = 4438 + -4431. Calculate the remainder when 1608 is divided by w.
5
Let w(l) = l**2 - 4*l - 29. Let k be w(7). Let t = 12 - k. Calculate the remainder when 39 is divided by t.
19
Let c(m) = 32*m**2 + 39*m - 42. What is the remainder when c(-11) is divided by 54?
53
Calculate the remainder when 296 is divided by (4/(-14))/(21 + 7360/(-350)).
6
What is the remainder when 2352 is divided by (-1 + (0 - 3))*(-2925)/45?
12
Let z(r) = -1200*r - 101946. Suppose 0*t - t + 37 = 0. What is the remainder when z(-85) is divided by t?
17
Let p = -125 - -132. What is the remainder when (p*3)/(22/66) is divided by 32?
31
Let x = -9137 - -9649. What is the remainder when x is divided by 76?
56
Let c = 1745 - 1082. Calculate the remainder when c is divided by 24.
15
Suppose 5*j - 63 = -2*z + 180, 5*z = 3*j + 654. Let l = 63 - -2. What is the remainder when z is divided by l?
64
Suppose 0 = 5*q - 11*q + 24. Suppose -504 + 68 = -q*x. What is the remainder when x is divided by 30?
19
Suppose 3*u = -5*j + 148, 4*u = -3*j + j + 62. Let g = 27 + -23. Suppose 5*i - s - 38 = s, -g*i = 5*s - 4. Calculate the remainder when j is divided by i.
5
What is the remainder when 296 is divided by 19*(9 + 2197/(-247))?
0
Suppose 5035 = 5*i - 6*j, 4028 = 15*i - 11*i + 5*j. Calculate the remainder when i is divided by 255.
242
Suppose 230 = 2*k + g, -2*g - 4 + 0 = 0. Let p = 2948 - 2933. What is the remainder when k is divided by p?
11
Suppose 4*j = -d, -d + 2*d - j = 0. Suppose d = 246*k - 231*k - 180. Calculate the remainder when 106 is divided by k.
10
Suppose 0 = -c - a + 105, 2*c = -14*a + 18*a + 240. Calculate the remainder when 188 is divided by c.
78
Let g = 22 - -4. Suppose 306 = -1911*f + 1917*f. Calculate the remainder when f is divided by g.
25
Let w(c) = -13*c - 117. Let p be w(-7). Let k = p + 72. What is the remainder when 319 is divided by k?
43
Let k be (0 + 1)/(1/71). Suppose -k = -2*a + u - 0*u, a + u - 28 = 0. Calculate the remainder when a is divided by 6.
3
Let k = -29 - -45. Suppose -798 = -11*b + k. Let u = -55 + b. What is the remainder when 73 is divided by u?
16
Let j be (12 - 2)*((-5 - -1) + 6). Suppose -12 = 4*t, 2*z = 22*t - j*t + 450. Calculate the remainder when z is divided by 75.
72
Let i be -27 + (-2)/5*-5. Let y = i + 25. What is the remainder when 46 is divided by (y - 2)*(-14 + 6)?
14
Let t(r) be the second derivative of -r**3 + 47*r**2/2 - 96*r + 2. Calculate the remainder when 8 is divided by t(7).
3
Suppose -154 = -2*d - s + 116, -5*s = 0. Calculate the remainder when d is divided by 52.
31
Suppose 4*q - 8 = 2*a, -a - q + 10 + 1 = 0. Let i(y) = 4*y - 9. Suppose 65041*d - 795 = 65026*d. What is the remainder when d is divided by i(a)?
8
Let k(u) = -2*u**2 - u + 4. Let r be k(2). What is the remainder when (-1284)/(-9) + (-1 - 8/r) is divided by 36?
35
Let f = 571 - 563. Suppose 2*q + 5*u = 82, u - 35 - 129 = -4*q. Suppose 19 + q = 3*w. What is the remainder when w is divided by f?
4
Suppose -2*b = 2 - 6. Suppose -3*d - 92 = -b*i, 8*d - i = 3*d - 144. Calculate the remainder when 4/((-32)/d - 1) is divided by 10.
8
Suppose -2*v = -x + 1, 3*v - 16 = 7*v. Let p = 6 - x. Let j(t) = -t**2 + 14*t - 4. Calculate the remainder when j(p) is divided by 6.
3
Let x = -221 + 197. What is the remainder when 2 + (-362)/(-3) + 16/x is divided by 31?
29
Let g(m) = 5*m + 3. Let f be g(-4). Suppose r = 2*j + 12, j + 2 = r - 15. Let q = r - f. Calculate the remainder when q is divided by 8.
7
Let g be 9*1 - 2/4*6. Suppose -p + g*p = 125. Calculate the remainder when p is divided by 5.
0
Suppose 68*z = -14*z - 32*z + 9120. What is the remainder when 409 is divided by z?
9
Let j = 3092 + -3031. What is the remainder when j is divided by 2?
1
Let f(s) = s**2 - 22*s - 46. Let a be f(21). Let m = -65 - a. Calculate the remainder when 7 is divided by m.
1
Suppose 2158*c = 2144*c + 2450. What is the remainder when 346 is divided by c?
171
Suppose -991 = -7*d - 81. Let j = d - 117. Let h(o) = o**3 - 14*o**2 + 19*o - 28. What is the remainder when 198 is divided by h(j)?
48
Let n(j) = -2*j**2 - 26*j + 211. What is the remainder when 726 is divided by n(-12)?
21
Suppose 4*f + 9*c - 13*c = 1904, -4*c + 1435 = 3*f. Suppose -5*k = -h - 25 + 190, -3*h - 3*k = -f. Calculate the remainder when h is divided by 50.
10
Let r(o) = 12*o**3 + 14*o**2 + 42*o - 1. Let k(a) = 5*a**3 + 7*a**2 + 21*a. Let q(y) = 7*k(y) - 3*r(y). Calculate the remainder when 84 is divided by q(9).
24
Let y(t) = 43*t**2 - 730*t + 35. Calculate the remainder when 17729 is divided by y(17).
49
Let w(m) = -6*m**3 + m**2 + 4*m - 13. Let t be w(-5). Suppose 25*b - 783 = t. Calculate the remainder when 303 is divided by b.
59
Let x = 626 + -66. Let s = -36 - -45. Suppose 4*v - s*v + x = 0. What is the remainder when v is divided by 38?
36
Calculate the remainder when (-12100)/(-23) - 39/((-7176)/(-16)) is divided by 33.
31
Suppose 5*o + 75 = 55. Calculate the remainder when 103 is divided by ((-3)/(6/(-26)))/(o/(-4)).
12
Let r = -394 + 433. What is the remainder when 223 is divided by r?
28
Suppose 39 = -10*r + 359. Suppose -o - 4*p + r = 0, 5*p - 4*p = o - 42. Let h = 44 + -23. What is the remainder when o is divided by h?
19
Let f(o) = -61*o + 81 + 36 + 40*o. Calculate the remainder when f(3) is divided by 36.
18
Suppose -5590 = -8*w - 5*w. Suppose 10*d - 8*d = w. Calculate the remainder when d is divided by 20.
15
Suppose -9939*c + 9550 = -9934*c. Calculate the remainder when c is divided by 66.
62
Suppose -3*j = 5*j. Let d = -5 + j. What is the remainder when 952/6 - (d - 98/(-21)) is divided by 32?
31
Let x = -1253 - -1329. Let o = 32 - 10. Calculate the remainder when x is divided by o.
10
Let d(g) = -4*g**3 - 6*g**2 + 3*g